r?
6
Let d(p) = p**3 - 4*p**2 + 5*p - 4. Let j be d(3). What is the tens digit of 31/j - (-1)/(-2)?
1
Let l(t) = 3 + 7*t + t - 4*t + t**2. Suppose 2*p + 0 = -10. What is the units digit of l(p)?
8
Let l(c) be the first derivative of -c**4/4 - c**3 + 2*c**2 + 6*c + 4. What is the units digit of l(-4)?
6
Let j = -40 + -41. Let f be j/4 + (-1)/(-4). Let u = -11 - f. What is the units digit of u?
9
Suppose -5*d + 55 = -5*h, 4*d = -0*h + 3*h + 43. What is the tens digit of d?
1
Suppose 4*w - 3*w + 3*a + 76 = 0, 3*w = 5*a - 158. Let j = 102 + w. What is the tens digit of j?
4
Let d = 145 + -79. What is the tens digit of d?
6
Let b(p) = -p**3 + 5*p**2 + p - 2. Let m be b(5). Let w = m - -2. What is the units digit of w?
5
Let m(t) = t**3 + 8*t**2 - 10*t + 6. What is the tens digit of m(-9)?
1
Suppose 4*o + 8 = 0, -4*q - 364 = -9*q - 3*o. Let t be (33/(-2))/(6/(-8)). Suppose 0 = 4*a - q + t. What is the units digit of a?
3
Let l(o) = o**3 + 6*o**2 - 2*o - 9. Suppose 2*m + 50 = 2*a, -4*m = -0 - 4. Suppose 0 = -5*q - 4 - a. What is the units digit of l(q)?
3
Let o = -11 + 7. What is the units digit of (-46)/o + (-27)/(-18)?
3
What is the tens digit of (12/9)/(8/60)?
1
Suppose -5*b = -4*b - 5. Suppose -s = -0*s - v - 9, 53 = b*s - v. What is the units digit of s?
1
Suppose 3 = -u + 4*m, 1 = 3*u - 3*m + m. What is the tens digit of (-385)/(-14) + u/(-2)?
2
Suppose -6*w = -7*w - 20. What is the units digit of (-4)/w + 39/5?
8
Let s = -8 + 12. Suppose -49 = -2*i - 3*t, -t = s*i + 2*t - 83. What is the tens digit of i?
1
Let x(z) be the second derivative of 3*z - 7/2*z**2 + 0 + 7/6*z**3 - 1/12*z**4. What is the units digit of x(5)?
3
Let i(v) = -2*v - 9. Let m be i(-6). Suppose -2*k + 4*t = -14, 0 = -m*k + 7*k + 3*t - 50. What is the tens digit of k?
1
Suppose -5*b - 76 = -4*p + 87, 122 = 3*p - 4*b. What is the units digit of p?
2
Suppose -3*c - 172 - 164 = -2*y, 2*c = -4*y + 640. What is the units digit of y?
2
Suppose -3*q - 3*p - 32 = 2*q, 26 = -3*q + 5*p. Let b be -5 - -2 - (q + -1). Suppose 0 = -2*s - b*r + 12, -4*s - 4*r + 36 = -0*r. What is the tens digit of s?
1
Let y = 3 + -3. Suppose -m - 2*m + 102 = y. What is the tens digit of m?
3
Suppose 3*l + 2*l = 130. Let t be (-52)/(-12)*-1*3. Let m = t + l. What is the tens digit of m?
1
Suppose 3*b - 21 = 6*b. Let r(v) be the third derivative of v**6/120 + 2*v**5/15 + 5*v**4/24 - 4*v**3/3 + v**2. What is the units digit of r(b)?
6
Let p(a) = -a**2 + 4*a + 3. Let r be p(4). Suppose -2*j = 4*b - 4 - 14, r*b - 4*j = 30. What is the units digit of b?
6
Let p = -24 - -12. Let z be (18/15)/(p/(-40)). Suppose 0 = z*l - 4 - 64. What is the tens digit of l?
1
Let q(b) = b**3 + 12*b**2 + 9. Let s be q(-12). Let u = 10 - s. What is the units digit of u?
1
Let b(q) = q. Let y(o) = -o**2 - 2*o - 1. Let t(j) = 5*b(j) + y(j). What is the units digit of t(1)?
1
Suppose 0 = 5*b - 10*b + 50. Suppose -b = -o + 2*l, 2*o - 5*o = -5*l - 30. What is the tens digit of o?
1
Let q = 8 - -4. Let c(p) = -p**2 - 8*p - 4. Let x be c(-6). Let y = q - x. What is the units digit of y?
4
Suppose -5 = -c - 2. Suppose -22 = u - c*u. Suppose 1 = -5*k + u. What is the units digit of k?
2
Suppose -4*b = -3*u - 16, -2*u - 2*b - 5 = -13. Suppose -2*j - 8 + 0 = u. What is the tens digit of (-41)/j - 5/20?
1
Let v = -58 - -90. What is the tens digit of v?
3
Suppose 0 = -5*c - 0 - 10, h = -c. Suppose 4*s = -3*f + 286 - 84, -5*s - h*f = -256. What is the units digit of s?
2
Let f(c) = -5*c - 9. Let b(d) = -3*d - 4. Let x(y) = 11*b(y) - 6*f(y). What is the tens digit of x(-6)?
2
Let l(j) = 20*j - 1. Let f be -1 - -1 - (-7)/7. What is the tens digit of l(f)?
1
Let g(o) = -o**3 + 10*o**2 - 9*o + 10. What is the units digit of g(9)?
0
Suppose -2*h = -3*h + 7. Suppose 5*x - 26 = -f, -3 = -2*x + h. What is the units digit of (2 + -10)*(f - 2)?
8
Suppose -9 = 3*u, -2*i - 4*u - 87 = u. What is the tens digit of 9/i - 109/(-4)?
2
Let n(b) = -4*b - 2 + 3*b**2 - 1 + 2. What is the units digit of n(3)?
4
Let x(q) = q**3 + 5*q**2 - 7*q - 1. Let f be x(-6). Suppose -5*k + 5*m + 40 = -f, 4*m - 19 = -k. What is the units digit of k?
1
Let k(m) = m**3 + 4*m**2 - 7*m - 5. Let j be k(-5). Suppose -2*p - 161 = -5*b, 7*p = j*b + 4*p - 164. What is the units digit of b?
1
What is the units digit of (-68)/(-2) + (7 - 10)?
1
Suppose -3*j = 2*n - 720, 2*j = -j + 5*n + 720. What is the hundreds digit of j?
2
What is the units digit of (-480)/36*-3*1?
0
Suppose -f + 3*k - 25 = -0*f, 3*f + 2*k + 31 = 0. Let m = 23 + f. What is the units digit of m?
0
Let p(x) = -2*x - 1 - x**2 + 3 + 2. Let f be p(-3). What is the units digit of (-1)/((-1)/7) - f?
6
Suppose -3*p + y - 22 = 0, p - 14 = -0*p - 5*y. What is the units digit of (-1 + p)*18/(-21)?
6
Suppose -2*w + 11 + 0 = o, -4 = -w. Suppose 2*s = -4*c - s - 89, 49 = -2*c - o*s. What is the units digit of -2 + 2 + c/(-2)?
0
Let k be -4 + (3 - (-3)/(-3)). Let w = k + 20. Let i = w + -4. What is the tens digit of i?
1
Suppose 0 = 2*p + 31 + 21. What is the tens digit of (-1 - (-1)/2)*p?
1
Let z(f) = -f**3 + 6*f**2 - 5*f + 5. Let i be z(5). Let h(b) = -b**3 + 8*b**2 - 8*b + 9. Let m be h(7). What is the units digit of ((-2)/m)/((-1)/i)?
5
What is the units digit of 2/(-3) + (3040/24)/10?
2
Suppose 5*c - 41 = 179. What is the units digit of c?
4
Suppose -23 + 17 = -3*w. Suppose -w*v + 53 = -v. What is the tens digit of v?
5
Suppose 0 = 5*i - 85 - 90. What is the tens digit of i?
3
What is the units digit of 2/9 - 507/(-27)?
9
What is the tens digit of (-352)/(-6) - (-2)/6?
5
Suppose -p + 0 = -1. Let z(a) = -2*a**3 - a + 1. Let d be z(p). What is the units digit of 12/3 + d - 1?
1
Suppose -5*j + 11 = -3*q, 4*q + 1 + 6 = -j. Let a = -1 - j. What is the units digit of (2/3)/(a/(-21))?
7
Suppose -4*f = -4*p, -f + 4*p + p = 12. Suppose 3*h - 2*z + 5 = 0, -z + 14 = -2*h + f*z. Suppose -c = -h - 0. What is the units digit of c?
1
Let a be (-3 + -19 - 0)*-1. Let h = a - 8. What is the tens digit of h?
1
Let y(s) be the third derivative of -s**6/120 + s**5/12 - s**4/8 + s**3 + s**2. Let i be y(5). Let v = 17 + i. What is the units digit of v?
8
What is the tens digit of (-12)/(-4) + (13 - (0 + 0))?
1
Let g be (-2)/8 + (-30)/(-24). Let b(t) = -t**3 - 3*t**2 + 3. Let q be b(-3). Let f = q - g. What is the units digit of f?
2
Suppose 0 = 2*y + 4*q - 62, 0 = -y - 0*y - 4*q + 21. Let r = y + -13. What is the units digit of r?
8
Let p be 4 + (0 + -4)/2. Let d(o) = 2*o**2 - 3*o. What is the units digit of d(p)?
2
Suppose 0 = 9*t - 14*t + 155. What is the units digit of t?
1
Suppose -4*v - y - 49 = 0, -2*v - 5*y = 5 + 6. Let k = v - -26. What is the units digit of k?
3
Let i(y) = y**2 - y + 1. Let g be i(2). Suppose 5*q - 88 = -2*x - 0*x, -3*x - g = 0. What is the units digit of q?
8
Let q(m) = -m**3 - 5*m**2 - m - 3. Let k be q(-5). What is the units digit of (-165)/22*(0 - k)?
5
Let h = -5 + 6. Let n(m) = 15*m. Let u be n(h). Suppose 0 = 3*b - 9 - u. What is the units digit of b?
8
Suppose -1 = -5*k + 64. Suppose -38 = -f - k. What is the tens digit of f?
2
Suppose 3*k + 4*l - 134 = 8*k, -2*k + l = 56. What is the tens digit of (k/18)/((-2)/18)?
1
Let v = 74 + -57. What is the units digit of v?
7
Suppose -b = -3*b + 4*k + 70, -2*k = 2*b - 58. What is the tens digit of b?
3
Let m = 125 + -22. What is the units digit of m?
3
Let b(m) = 11*m**2 + 13*m - 1. What is the tens digit of b(-6)?
1
Suppose 36*x - 219 = 35*x. What is the tens digit of x?
1
Let x = 25 - 17. What is the units digit of ((-46)/x)/((-2)/8)?
3
Let x(l) = -l - 18. Let t be x(0). Let y = -11 - t. Let k = y - -6. What is the units digit of k?
3
Let n be 3 - (-1 - (0 + -8)). What is the units digit of (-2)/(-4) + (-66)/n?
7
Let r = 8 - 6. Let z = 1 + r. What is the tens digit of 11 - z*(-1)/(-3)?
1
Suppose -3*r = 12 - 6. Let d = r + 6. What is the units digit of d?
4
Let r(c) = c**3 + 6*c**2 - 16*c. What is the units digit of r(-7)?
3
Let f = 2 - -70. What is the units digit of f?
2
Let c = -17 - -10. Let f = 13 + c. What is the units digit of f?
6
Let b(h) = h**3 + 4*h**2 + h - 4. What is the units digit of b(-2)?
2
Suppose -6 = -5*w + 9. Let v be (26/(-6))/(w/(-9)). Suppose r + 4*q - v = 0, q = 4*r - 4*q - 52. What is the units digit of r?
3
Let w(g) = -3*g. Let h be w(-11). Let x =